 highest common divisor of 467592 and 696?
24
What is the highest common factor of 8224 and 77680?
16
Calculate the highest common factor of 65902 and 44156.
166
Calculate the highest common factor of 2802 and 40771902.
2802
What is the greatest common divisor of 83856 and 2112?
48
What is the highest common factor of 65047725 and 125280?
3915
Calculate the highest common divisor of 2320 and 3097432.
232
What is the greatest common divisor of 34021 and 2873?
13
Calculate the highest common divisor of 39056 and 12992.
16
Calculate the greatest common divisor of 31218537 and 49.
49
What is the greatest common factor of 802908 and 35028?
36
Calculate the greatest common divisor of 8792 and 7248376.
1256
Calculate the highest common factor of 6660281 and 1198.
599
Calculate the highest common factor of 931 and 418201.
7
What is the greatest common divisor of 184 and 1116996?
4
Calculate the highest common divisor of 44 and 197040932.
44
What is the greatest common factor of 114484504 and 392?
8
Calculate the greatest common divisor of 138 and 2185602.
6
Calculate the highest common divisor of 474 and 849174.
6
What is the highest common divisor of 498 and 2312144031?
249
Calculate the greatest common divisor of 5265702 and 156.
78
What is the greatest common factor of 3792533 and 551?
551
Calculate the greatest common divisor of 632980 and 18780.
20
Calculate the highest common factor of 19292055 and 122385.
2985
What is the highest common divisor of 1140 and 74387964?
228
What is the greatest common factor of 275823 and 211698?
171
Calculate the highest common divisor of 3 and 224453.
1
What is the greatest common divisor of 1147675 and 9425?
725
What is the greatest common divisor of 22 and 307270447?
11
What is the greatest common factor of 1230 and 198178010?
410
What is the highest common factor of 5431237 and 1202?
601
Calculate the highest common divisor of 375 and 293988.
3
Calculate the highest common factor of 257374 and 10374.
494
Calculate the greatest common divisor of 75765 and 294.
3
What is the greatest common divisor of 13435 and 13835363?
2687
What is the highest common factor of 435502 and 2712?
226
What is the greatest common factor of 7368 and 219048?
24
What is the highest common divisor of 216890280 and 720?
360
What is the greatest common factor of 4926646 and 414?
46
Calculate the highest common divisor of 11052 and 17292.
12
Calculate the highest common divisor of 681220815 and 97.
97
What is the highest common factor of 453101539 and 20823?
6941
What is the greatest common factor of 1761104 and 3?
1
What is the highest common divisor of 3630 and 315908736?
726
What is the highest common factor of 9480 and 3622545?
1185
What is the greatest common factor of 4454112 and 10656?
96
What is the greatest common divisor of 25033595 and 65?
5
What is the greatest common factor of 2730 and 450940?
70
What is the greatest common divisor of 6482870127 and 2241?
2241
What is the greatest common divisor of 1989438 and 528?
66
Calculate the greatest common divisor of 1374772 and 7.
7
What is the greatest common factor of 26390631 and 2076?
519
What is the greatest common factor of 4553 and 2195019512?
4553
Calculate the greatest common divisor of 26 and 207767690.
26
What is the greatest common divisor of 3936 and 59968?
32
Calculate the highest common divisor of 88515757 and 682.
341
Calculate the greatest common divisor of 25045657 and 91.
91
Calculate the highest common factor of 49 and 7650769.
7
Calculate the greatest common factor of 228 and 14231.
19
Calculate the greatest common divisor of 269850 and 292950.
1050
Calculate the greatest common factor of 5954193 and 630.
63
What is the greatest common factor of 2264240 and 1494?
166
Calculate the greatest common divisor of 58599867 and 85.
17
What is the highest common divisor of 14592 and 7110816?
96
Calculate the highest common factor of 48 and 3547023.
3
What is the highest common divisor of 2468536 and 70?
14
Calculate the highest common divisor of 1128290112 and 576.
576
Calculate the greatest common factor of 499945893 and 603.
201
What is the highest common factor of 11420430 and 5831?
833
Calculate the highest common divisor of 11946306 and 178398.
318
Calculate the highest common divisor of 66031339 and 33.
11
Calculate the highest common divisor of 289467 and 304416.
1359
What is the highest common factor of 16730 and 1433915?
35
What is the highest common factor of 269697035 and 1055?
1055
Calculate the greatest common factor of 1127 and 1947015.
49
What is the highest common factor of 178 and 25679971?
89
Calculate the highest common factor of 87 and 14346677.
29
Calculate the highest common divisor of 146961320 and 64.
8
What is the highest common factor of 37778386 and 452?
226
What is the highest common factor of 355407 and 4252266?
2103
What is the greatest common divisor of 17633234 and 434?
62
What is the greatest common divisor of 20915 and 2585?
235
Calculate the highest common divisor of 20888680 and 20210.
470
What is the greatest common factor of 3205650 and 1032?
258
What is the highest common divisor of 300 and 2941938?
6
What is the highest common divisor of 34003 and 9694?
37
Calculate the greatest common factor of 1813 and 1503908.
49
Calculate the greatest common factor of 1953 and 39238374.
651
Calculate the greatest common divisor of 4180 and 2015882.
22
What is the greatest common divisor of 74805150 and 32470?
1910
What is the greatest common factor of 13906 and 213588?
34
Calculate the highest common factor of 11768 and 3611305.
1471
What is the highest common factor of 290 and 18275713?
29
Calculate the greatest common factor of 6121615 and 170.
85
Calculate the greatest common divisor of 643929 and 2253381.
741
Calculate the greatest common divisor of 21 and 564522.
21
Calculate the highest common factor of 1674 and 8066820.
186
Calculate the highest common divisor of 76630 and 46847.
79
Calculate the greatest common factor of 603 and 4837132.
67
What is the greatest common factor of 237260 and 4795?
5
What is the greatest common divisor of 512 and 2766272?
64
Calculate the highest common factor of 4661395 and 2370.
395
Calculate the greatest common factor of 501890628 and 564.
564
What is the highest common divisor of 9450 and 465210?
270
What is the greatest common divisor of 3584 and 86677640?
56
Calculate the greatest common divisor of 540 and 3281415.
15
Calculate the greatest common factor of 26448 and 113890047.
1653
What is the highest common factor of 54 and 87100872?
6
Calculate the greatest common divisor of 44 and 16065115.
11
Calculate the highest common factor of 575433 and 24.
3
Calculate the greatest common factor of 202662 and 4227963.
417
Calculate the highest common divisor of 701245 and 1715.
5
Calculate the highest common factor of 72 and 240369561.
9
Calculate the highest common factor of 3273017 and 556435.
737
What is the greatest common factor of 851758 and 5?
1
Calculate the greatest common factor of 34936694 and 13.
13
What is the highest common factor of 3960630795 and 15?
15
Calculate the highest common divisor of 777614106 and 2188.
1094
What is the highest common factor of 221752 and 4452424?
424
Calculate the greatest common divisor of 44042 and 199994.
722
What is the greatest common factor of 11 and 9911341?
11
Calculate the greatest common divisor of 294114240 and 140.
140
Calculate the greatest common divisor of 5808680 and 12920.
760
Calculate the highest common factor of 14986821 and 6.
3
Calculate the highest common divisor of 7784 and 93520868.
3892
What is the highest common factor of 645057529 and 3188?
797
Calculate the greatest common divisor of 6874 and 112784.
14
Calculate the highest common divisor of 16016 and 88021024.
1456
Calculate the highest common factor of 25021229 and 87.
29
Calculate the highest common divisor of 3494456 and 1568.
56
Calculate the greatest common divisor of 17483357 and 28146.
4691
Calculate the greatest common factor of 561327 and 389.
389
What is the greatest common factor of 3920 and 15806960?
80
What is the highest common divisor of 2436092 and 583?
53
What is the greatest common divisor of 1868668 and 207424?
1852
What is the greatest common factor of 4707 and 